{"id":30,"date":"2014-01-16T19:02:27","date_gmt":"2014-01-16T19:02:27","guid":{"rendered":"http:\/\/rouhiainen.netfinn12.info\/wp\/?page_id=30"},"modified":"2016-02-27T11:26:50","modified_gmt":"2016-02-27T11:26:50","slug":"jasenmaksu","status":"publish","type":"page","link":"https:\/\/www.rouhiainen.fi\/?page_id=30","title":{"rendered":"J\u00e4senmaksu"},"content":{"rendered":"<p>Sukuseuran j\u00e4senmaksu vuosilta 2014, 2015 ja 2016 ker\u00e4t\u00e4\u00e4n kev\u00e4\u00e4n 2016 aikana.<\/p>\n","protected":false},"excerpt":{"rendered":"<p>Sukuseuran j\u00e4senmaksu vuosilta 2014, 2015 ja 2016 ker\u00e4t\u00e4\u00e4n kev\u00e4\u00e4n 2016 aikana.<\/p>\n","protected":false},"author":1,"featured_media":0,"parent":0,"menu_order":0,"comment_status":"closed","ping_status":"open","template":"","meta":[],"_links":{"self":[{"href":"https:\/\/www.rouhiainen.fi\/index.php?rest_route=\/wp\/v2\/pages\/30"}],"collection":[{"href":"https:\/\/www.rouhiainen.fi\/index.php?rest_route=\/wp\/v2\/pages"}],"about":[{"href":"https:\/\/www.rouhiainen.fi\/index.php?rest_route=\/wp\/v2\/types\/page"}],"author":[{"embeddable":true,"href":"https:\/\/www.rouhiainen.fi\/index.php?rest_route=\/wp\/v2\/users\/1"}],"replies":[{"embeddable":true,"href":"https:\/\/www.rouhiainen.fi\/index.php?rest_route=%2Fwp%2Fv2%2Fcomments&post=30"}],"version-history":[{"count":2,"href":"https:\/\/www.rouhiainen.fi\/index.php?rest_route=\/wp\/v2\/pages\/30\/revisions"}],"predecessor-version":[{"id":632,"href":"https:\/\/www.rouhiainen.fi\/index.php?rest_route=\/wp\/v2\/pages\/30\/revisions\/632"}],"wp:attachment":[{"href":"https:\/\/www.rouhiainen.fi\/index.php?rest_route=%2Fwp%2Fv2%2Fmedia&parent=30"}],"curies":[{"name":"wp","href":"https:\/\/api.w.org\/{rel}","templated":true}]}}